{"id":163,"date":"2024-06-14T14:07:51","date_gmt":"2024-06-14T12:07:51","guid":{"rendered":"https:\/\/laboratoirecesar.fr\/?page_id=163"},"modified":"2024-06-21T20:43:02","modified_gmt":"2024-06-21T18:43:02","slug":"a-propos","status":"publish","type":"page","link":"https:\/\/laboratoirecesar.fr\/?page_id=163","title":{"rendered":"A propos"},"content":{"rendered":"\t\t<div data-elementor-type=\"wp-page\" data-elementor-id=\"163\" class=\"elementor elementor-163\" data-elementor-post-type=\"page\">\n\t\t\t\t<div class=\"elementor-element elementor-element-44fb453b e-flex e-con-boxed e-con e-parent\" data-id=\"44fb453b\" data-element_type=\"container\">\n\t\t\t\t\t<div class=\"e-con-inner\">\n\t\t\t\t<div class=\"elementor-element elementor-element-73b2e31b elementor-invisible elementor-widget elementor-widget-text-editor\" data-id=\"73b2e31b\" data-element_type=\"widget\" data-settings=\"{&quot;_animation&quot;:&quot;bounceInDown&quot;}\" data-widget_type=\"text-editor.default\">\n\t\t\t\t<div class=\"elementor-widget-container\">\n\t\t\t<style>\/*! elementor - v3.22.0 - 17-06-2024 *\/\n.elementor-widget-text-editor.elementor-drop-cap-view-stacked .elementor-drop-cap{background-color:#69727d;color:#fff}.elementor-widget-text-editor.elementor-drop-cap-view-framed .elementor-drop-cap{color:#69727d;border:3px solid;background-color:transparent}.elementor-widget-text-editor:not(.elementor-drop-cap-view-default) .elementor-drop-cap{margin-top:8px}.elementor-widget-text-editor:not(.elementor-drop-cap-view-default) .elementor-drop-cap-letter{width:1em;height:1em}.elementor-widget-text-editor .elementor-drop-cap{float:left;text-align:center;line-height:1;font-size:50px}.elementor-widget-text-editor .elementor-drop-cap-letter{display:inline-block}<\/style>\t\t\t\t<!-- wp:separator --><hr class=\"wp-block-separator has-alpha-channel-opacity\" \/><!-- \/wp:separator --><!-- wp:paragraph -->\n<h1 style=\"text-align: center;\"><strong>\u00c0 propos de nous<\/strong><\/h1>\n<!-- \/wp:paragraph --><!-- wp:paragraph -->\n<p>Le Laboratoire C\u00e9sar a \u00e9t\u00e9 fond\u00e9 par un jeune couple de proth\u00e9sistes dentaires passionn\u00e9s par leur m\u00e9tier. Forts de diverses exp\u00e9riences enrichissantes et anim\u00e9s par un esprit entrepreneurial, ils ont d\u00e9cid\u00e9 de cr\u00e9er leur propre laboratoire pour offrir des proth\u00e8ses de haute qualit\u00e9.<\/p>\n<!-- \/wp:paragraph --><!-- wp:paragraph -->\n<p>Chaque jour, nous nous levons avec la motivation de redonner le sourire \u00e0 nos patients et de les voir retrouver le plaisir de manger. Cette mission est au c\u0153ur de notre engagement et nous pousse \u00e0 nous d\u00e9passer constamment. Pour nous, avoir la passion de notre m\u00e9tier signifie ne jamais avoir l\u2019impression de travailler.<\/p>\n<!-- \/wp:paragraph --><!-- wp:paragraph -->\n<p>Nous accordons une grande importance \u00e0 notre relation avec nos clients, car une bonne collaboration est essentielle pour la r\u00e9ussite de chaque proth\u00e8se. Votre satisfaction est notre priorit\u00e9, et nous mettons tout en \u0153uvre pour la garantir.<\/p>\n<!-- \/wp:paragraph --><!-- wp:paragraph -->\n<p><em><strong>L\u2019\u00e9quipe du Laboratoire C\u00e9sar<\/strong><\/em><\/p>\n<!-- \/wp:paragraph --><!-- wp:separator --><hr class=\"wp-block-separator has-alpha-channel-opacity\" \/><!-- \/wp:separator -->\t\t\t\t\t\t<\/div>\n\t\t\t\t<\/div>\n\t\t\t\t<div class=\"elementor-element elementor-element-ca195d7 elementor-widget elementor-widget-google_maps\" data-id=\"ca195d7\" data-element_type=\"widget\" data-widget_type=\"google_maps.default\">\n\t\t\t\t<div class=\"elementor-widget-container\">\n\t\t\t<style>\/*! elementor - v3.22.0 - 17-06-2024 *\/\n.elementor-widget-google_maps .elementor-widget-container{overflow:hidden}.elementor-widget-google_maps .elementor-custom-embed{line-height:0}.elementor-widget-google_maps iframe{height:300px}<\/style>\t\t<div class=\"elementor-custom-embed\">\n\t\t\t<iframe loading=\"lazy\"\n\t\t\t\t\tsrc=\"https:\/\/maps.google.com\/maps?q=Laboratoire%20C%C3%A9sar&#038;t=m&#038;z=11&#038;output=embed&#038;iwloc=near\"\n\t\t\t\t\ttitle=\"Laboratoire C\u00e9sar\"\n\t\t\t\t\taria-label=\"Laboratoire C\u00e9sar\"\n\t\t\t><\/iframe>\n\t\t<\/div>\n\t\t\t\t<\/div>\n\t\t\t\t<\/div>\n\t\t\t\t\t<\/div>\n\t\t\t\t<\/div>\n\t\t<div class=\"elementor-element elementor-element-d145fdc e-flex e-con-boxed e-con e-parent\" data-id=\"d145fdc\" data-element_type=\"container\">\n\t\t\t\t\t<div class=\"e-con-inner\">\n\t\t<div class=\"elementor-element elementor-element-1cc20f7 e-con-full e-flex e-con e-child\" data-id=\"1cc20f7\" data-element_type=\"container\">\n\t\t\t\t<div class=\"elementor-element elementor-element-bd04fae animated-slow elementor-invisible elementor-widget elementor-widget-image\" data-id=\"bd04fae\" data-element_type=\"widget\" data-settings=\"{&quot;_animation&quot;:&quot;fadeInLeft&quot;}\" data-widget_type=\"image.default\">\n\t\t\t\t<div class=\"elementor-widget-container\">\n\t\t\t<style>\/*! elementor - v3.22.0 - 17-06-2024 *\/\n.elementor-widget-image{text-align:center}.elementor-widget-image a{display:inline-block}.elementor-widget-image a img[src$=\".svg\"]{width:48px}.elementor-widget-image img{vertical-align:middle;display:inline-block}<\/style>\t\t\t\t\t\t\t\t\t\t<img fetchpriority=\"high\" decoding=\"async\" width=\"525\" height=\"383\" src=\"https:\/\/laboratoirecesar.fr\/wp-content\/uploads\/2024\/06\/dedede.jpg\" class=\"attachment-large size-large wp-image-87\" alt=\"\" srcset=\"https:\/\/laboratoirecesar.fr\/wp-content\/uploads\/2024\/06\/dedede.jpg 680w, https:\/\/laboratoirecesar.fr\/wp-content\/uploads\/2024\/06\/dedede-300x219.jpg 300w\" sizes=\"(max-width: 525px) 100vw, 525px\" \/>\t\t\t\t\t\t\t\t\t\t\t\t\t<\/div>\n\t\t\t\t<\/div>\n\t\t\t\t<\/div>\n\t\t<div class=\"elementor-element elementor-element-c795201 e-con-full e-flex e-con e-child\" data-id=\"c795201\" data-element_type=\"container\">\n\t\t\t\t<div class=\"elementor-element elementor-element-b03795c animated-slow elementor-invisible elementor-widget elementor-widget-image\" data-id=\"b03795c\" data-element_type=\"widget\" data-settings=\"{&quot;_animation&quot;:&quot;fadeInUp&quot;}\" data-widget_type=\"image.default\">\n\t\t\t\t<div class=\"elementor-widget-container\">\n\t\t\t\t\t\t\t\t\t\t\t\t\t<img decoding=\"async\" width=\"498\" height=\"539\" src=\"https:\/\/laboratoirecesar.fr\/wp-content\/uploads\/2024\/06\/Capture-decran-2024-06-13-134346-1.png\" class=\"attachment-large size-large wp-image-268\" alt=\"Num\u00e9rique - Nous recevons vos fichiers num\u00e9rique sur diff\u00e9rentes plateformes tel que 3Shape Trios, OPERA System et d\u2019autres. \u00c9galement par mail \u00e0 cfaolabcesar@gmail.com\" srcset=\"https:\/\/laboratoirecesar.fr\/wp-content\/uploads\/2024\/06\/Capture-decran-2024-06-13-134346-1.png 498w, https:\/\/laboratoirecesar.fr\/wp-content\/uploads\/2024\/06\/Capture-decran-2024-06-13-134346-1-277x300.png 277w\" sizes=\"(max-width: 498px) 100vw, 498px\" \/>\t\t\t\t\t\t\t\t\t\t\t\t\t<\/div>\n\t\t\t\t<\/div>\n\t\t\t\t<\/div>\n\t\t\t\t<div class=\"elementor-element elementor-element-a8cacee animated-slow elementor-invisible elementor-widget elementor-widget-image\" data-id=\"a8cacee\" data-element_type=\"widget\" data-settings=\"{&quot;_animation&quot;:&quot;fadeInRight&quot;}\" data-widget_type=\"image.default\">\n\t\t\t\t<div class=\"elementor-widget-container\">\n\t\t\t\t\t\t\t\t\t\t\t\t\t<img decoding=\"async\" width=\"525\" height=\"385\" src=\"https:\/\/laboratoirecesar.fr\/wp-content\/uploads\/2024\/06\/2023-09-21-2.jpg\" class=\"attachment-large size-large wp-image-85\" alt=\"\" srcset=\"https:\/\/laboratoirecesar.fr\/wp-content\/uploads\/2024\/06\/2023-09-21-2.jpg 680w, https:\/\/laboratoirecesar.fr\/wp-content\/uploads\/2024\/06\/2023-09-21-2-300x220.jpg 300w\" sizes=\"(max-width: 525px) 100vw, 525px\" \/>\t\t\t\t\t\t\t\t\t\t\t\t\t<\/div>\n\t\t\t\t<\/div>\n\t\t\t\t\t<\/div>\n\t\t\t\t<\/div>\n\t\t\t\t<\/div>\n\t\t","protected":false},"excerpt":{"rendered":"<p>\u00c0 propos de nous Le Laboratoire C\u00e9sar a \u00e9t\u00e9 fond\u00e9 par un jeune couple de proth\u00e9sistes dentaires passionn\u00e9s par leur m\u00e9tier. Forts de diverses exp\u00e9riences enrichissantes et anim\u00e9s par un esprit entrepreneurial, ils ont d\u00e9cid\u00e9 de cr\u00e9er leur propre laboratoire pour offrir des proth\u00e8ses de haute qualit\u00e9. Chaque jour, nous nous levons avec la motivation [&hellip;]<\/p>\n","protected":false},"author":2,"featured_media":0,"parent":0,"menu_order":0,"comment_status":"closed","ping_status":"closed","template":"elementor_header_footer","meta":{"_glsr_average":0,"_glsr_ranking":0,"_glsr_reviews":0,"footnotes":""},"class_list":["post-163","page","type-page","status-publish","hentry"],"_links":{"self":[{"href":"https:\/\/laboratoirecesar.fr\/index.php?rest_route=\/wp\/v2\/pages\/163","targetHints":{"allow":["GET"]}}],"collection":[{"href":"https:\/\/laboratoirecesar.fr\/index.php?rest_route=\/wp\/v2\/pages"}],"about":[{"href":"https:\/\/laboratoirecesar.fr\/index.php?rest_route=\/wp\/v2\/types\/page"}],"author":[{"embeddable":true,"href":"https:\/\/laboratoirecesar.fr\/index.php?rest_route=\/wp\/v2\/users\/2"}],"replies":[{"embeddable":true,"href":"https:\/\/laboratoirecesar.fr\/index.php?rest_route=%2Fwp%2Fv2%2Fcomments&post=163"}],"version-history":[{"count":20,"href":"https:\/\/laboratoirecesar.fr\/index.php?rest_route=\/wp\/v2\/pages\/163\/revisions"}],"predecessor-version":[{"id":701,"href":"https:\/\/laboratoirecesar.fr\/index.php?rest_route=\/wp\/v2\/pages\/163\/revisions\/701"}],"wp:attachment":[{"href":"https:\/\/laboratoirecesar.fr\/index.php?rest_route=%2Fwp%2Fv2%2Fmedia&parent=163"}],"curies":[{"name":"wp","href":"https:\/\/api.w.org\/{rel}","templated":true}]}}